 - 3. What is l(-8)?
7
Let t(p) be the third derivative of 13*p**6/120 - p**5/30 + p**4/12 - p**3/6 - 13*p**2. Give t(1).
12
Let v(x) = -x**2 - 1. Let u be (-3)/3*(-15 - 1). Suppose 15 + 2 = -2*h - 3*s, -h = -4*s + 3. Let a be u/h - 2/(-7). What is v(a)?
-5
Let i(o) = o**2 + o. Let w(x) = -5*x**2 - 12*x + 2. Let t(h) = -6*i(h) - w(h). Give t(5).
3
Let d = -1 - -2. Let c be -5 + 7 + (1 - d). Let b(w) = -w**3 + 2*w**2 + w. What is b(c)?
2
Let r(i) = i**3 + 4*i**2 - 4*i + 7. Let c = -2 - 9. Let h = 17 + c. Let j = 1 - h. Calculate r(j).
2
Let b(x) = 2*x**2 - 3*x**2 + 2 - 3. Let j(l) = -l**3 - 8*l**2 - 13*l - 9. Let s be j(-6). What is b(s)?
-10
Let x(q) = 9*q**2 - 11*q + 14. Let j(y) = -3*y**2 + 4*y - 5. Let b(n) = -11*j(n) - 4*x(n). Give b(1).
-4
Let n(q) = -3 + q + 13 - q**3 + 4*q**2 - 8. Give n(4).
6
Let y(f) = -f + 4. Let g(t) = -t - 14. Let a be g(-14). Calculate y(a).
4
Let z be (2 - 5 - -3*1)/(-2). Let r(o) = -o**2 - o + 1. What is r(z)?
1
Let x(v) = -v**2 + 1. Let u(h) = h. Let f(t) = -4*u(t) + x(t). Suppose 5*d - j - 2*j - 55 = 0, -4 = 2*d + 4*j. Suppose m - 3*m = d. Determine f(m).
1
Suppose -3*p + 4*u = 2*p + 12, 0 = 5*p + 4*u + 28. Let x(a) = -3*a**2 - 8*a - 3. Let s(g) = g**2 + 3*g + 1. Let c(b) = p*x(b) - 11*s(b). Give c(3).
7
Let l be 2 - 2*-1 - -1. Let i(n) = n**3 - 4*n**2 - 3*n - 7. Let x be i(l). Let u(j) = -1 - 4 + x*j - 4*j. Determine u(-5).
0
Let h(a) = a**3 + 3*a**2 - 8*a - 6. Let n(j) = j**3 + 4*j**2 - 8*j - 5. Let z(f) = 2*h(f) - 3*n(f). What is z(-7)?
-4
Let y(r) = 5*r**3 + r**2 + 11*r - 17. Let h(t) = 2*t**3 + 4*t - 6. Let n(d) = -2*d - 1. Let i be n(1). Let b(a) = i*y(a) + 8*h(a). Calculate b(3).
0
Let b(j) = -j**2 + 8*j - 9. Let x be (-3)/((-3)/8) + (-1)/1. Determine b(x).
-2
Let f(l) be the first derivative of -l**5/20 - 5*l**4/12 + 7*l**3/6 - 5*l**2/2 + 4*l - 6. Let q(m) be the first derivative of f(m). Calculate q(-6).
-11
Suppose 2*z = p + 2, 4*p - p - 8 = -z. Suppose -o - 36 = 5*s, -z*s - 24 + 7 = 3*o. Let w(d) = d - 1. Give w(s).
-8
Let u(n) be the third derivative of -3*n**7/280 + n**6/360 - n**5/120 + n**3/6 + 3*n**2. Let f(g) be the first derivative of u(g). What is f(1)?
-9
Let i(w) = 3*w - 16. Let v(g) = -g + 8. Let b(h) = -4*i(h) - 9*v(h). Give b(-6).
10
Let i(c) = c**3 + 7*c**2 + 5*c - 4. Let r be i(-6). Let w(h) = -r*h - h + 2*h. Determine w(-4).
4
Let p(z) be the first derivative of z**3/3 - z**2/2 - 2*z + 1. Suppose -2*t - 3*t - 16 = 3*d, -5*d - 12 = t. Calculate p(d).
4
Let i(t) = -t**3 + 3*t**2 + 8*t - 7. Let w = 18 - 15. Let z = 2 + w. Determine i(z).
-17
Let x(p) = -5*p**3 + 3*p**2 - 2*p**2 - 2*p + 1 + 0*p**2. Suppose -b = -6*b + 5. Let z be (b + -3 - 0)/(-2). Give x(z).
-5
Let f(u) = -u**3 + 4*u**2 + 7*u - 6. Suppose 0*o - 10 = 5*o. Let s be o/(-4)*10 - 1. Suppose -s*b + 15 = -b. What is f(b)?
4
Let t(k) = -1 - 2 + 3*k**2 + 2*k - 2*k**2. Let i be (1/3)/(((-4)/30)/2). What is t(i)?
12
Suppose 0 = -2*w + 3*i + 21, w + 2*i + i = -12. Suppose -4*s + 53 = -5*d, -3*s - 2 = -4*s - d. Let u = w - s. Let a(z) = -3*z - 6. What is a(u)?
6
Let w(b) = 5*b**3 - 9*b**2 - 6*b + 5. Let v(r) = -6*r**3 + 10*r**2 + 6*r - 5. Let z(k) = 4*v(k) + 5*w(k). Let u(l) = -2*l + 28. Let y be u(11). Determine z(y).
5
Let x(r) = -r**3 + 9*r**2 - 8*r - 3. Let l be 188/24 - (-3)/18. Give x(l).
-3
Let j(m) = -4*m**3 - 21*m**2 - 9*m + 9. Let u(p) = p**3 + 5*p**2 + 2*p - 2. Let v(x) = 2*j(x) + 9*u(x). Let r be (-4)/6*(3 + 0). Let s = -5 - r. Give v(s).
0
Suppose 28*k = -187 + 47. Let r = -20 - -28. Let f(n) = -2*n - 4 + r + 3*n. What is f(k)?
-1
Let u(a) = -a**2 + 4. Suppose -12 = -3*s - 4*n, 3*n - 10 = -s - 1. Suppose -4*d = 3*q - s + 1, 5*q = d + 29. Let w = 8 + d. Determine u(w).
-12
Suppose -2*n + 2 = 4. Let q(g) = -7*g - 1. What is q(n)?
6
Let d(w) be the third derivative of 0*w**3 - 1/120*w**6 + 0 - 1/120*w**5 + 0*w - 4*w**2 - 1/24*w**4. Let c(b) be the second derivative of d(b). Calculate c(-1).
5
Let f(d) = -7*d**2 - 8*d - 15. Let k(y) = -10*y**2 - 12*y - 22. Let g(b) = 7*f(b) - 5*k(b). Let j = 7 - 11. Calculate g(j).
5
Let d(k) = k + 5. Suppose 3*f - 7*a = -3*a - 41, 0 = -f + 4*a - 27. Determine d(f).
-2
Let x(i) be the first derivative of -i**3/3 + 7*i**2/2 + 6. What is x(5)?
10
Let l(u) = u**3 + 2*u**2 - 2*u + 4. Let r be (-4)/(-3) - 65/15. Determine l(r).
1
Let a(o) = -2*o**2 - o + 2. Let y be 4/10 - (-4)/(-10). Suppose -4*n + 8 = -y. Let q = -4 + n. Calculate a(q).
-4
Let u(j) be the second derivative of j**5/20 - j**4/2 - j**3/6 + 3*j**2 + 9*j. Give u(6).
0
Let h(i) = -i**3 - 3*i**2 - i + 1. Let f = 1 + -4. Determine h(f).
4
Let m be (0 + 4)/1 - 2. Suppose -3*j - 4*i = -m, 3*j - 5 = i + 2. Let z(c) = -4*c + j*c + 0 + 4 + 0. What is z(-3)?
10
Let j(d) = -d**2 - 2*d + 2. Let m = 12 - 8. Let y(s) = s**2 - 4*s - 4. Let q be y(m). Give j(q).
-6
Let y(f) = f**3 - 7*f**2 - 9*f + 5. Suppose 2 = h + 12. Let i = -2 - h. Let a be y(i). Let b(z) = z**3 + z**2 - 3*z + 3. Calculate b(a).
-6
Let c(x) = 5 - 10 + 3*x**2 - 2*x**2 - 2*x. What is c(4)?
3
Suppose 34 + 31 = -13*f. Let x(l) = -2*l - 3. Give x(f).
7
Let l be (-10)/3*(-36)/30. Let d(s) = 3*s - 6. Calculate d(l).
6
Let f be 2 + -6 + 2 - -6. Let z(r) = 3 - 4*r - 2 - f. Let a = -7 - -5. Give z(a).
5
Let w(p) = -8*p**3 + p**2 - 6. Let o(c) = 7*c**3 - c**2 + 6. Let n(b) = 7*o(b) + 6*w(b). Give n(0).
6
Let t(y) = -y**3 - y**2. Let i(m) = -3*m**3 + 3*m + 3. Let g(d) = i(d) - 4*t(d). Let c be g(-3). Let h(w) = -2*w + c*w + 5*w. Give h(-1).
-6
Let l(i) be the third derivative of 5*i**4/12 - i**3/6 + 29*i**2. Give l(1).
9
Let h(j) = j**3 + 7*j**2 - j + 9. Let c(o) = o**3 + 6*o**2 + 8. Let d(k) = 3*c(k) - 2*h(k). Let n be d(-4). Let m(y) = -2*y**2 - 2*y - 1. Give m(n).
-5
Let a(u) = u**3 - 3*u**2 + 4. Suppose -2*l = 2*c + 3*c - 61, -5*c + 2*l + 69 = 0. Suppose -4*d + c = -23. Suppose 0 = -m + 4*m - d. Determine a(m).
4
Let w(k) = -k**2 + 10*k - 7. Suppose -5*m + 0*y = -2*y - 43, 3*m + 2*y - 29 = 0. Calculate w(m).
2
Let x(k) = 4*k**2 - 1. Let c(j) = j**2 - 17*j + 15. Let y be c(16). Give x(y).
3
Let y(t) be the third derivative of -t**5/60 - t**4/8 - 2*t**3/3 + t**2. Suppose -2*r - 8 = j, 3*r - r + 3*j = -12. Determine y(r).
-4
Suppose -2*l + 7*l = 640. Let s(g) = -12*g - l + 128. Calculate s(1).
-12
Let g(c) = c + 4. Let h be g(8). Let b(z) = -1 + z**2 + 9 - 6*z - h - 1. What is b(6)?
-5
Let f = 4 + -2. Let j be f + -1 - (-1 + 1). Let a(k) = 2 + k + 0 - j. Calculate a(-2).
-1
Let u(y) = y - 27. Let w be u(22). Let z(b) = -b**2 - 6*b - 1. Give z(w).
4
Let y(m) = -m**2 - 2*m. Let p = 28 + -33. What is y(p)?
-15
Let y(u) = u**2 - 3. Let z(c) = 3*c + 15. Let q be z(-6). Determine y(q).
6
Suppose 3*o - 13 = 5. Suppose -5*w - 11 = 2*x + x, 0 = -2*x - 3*w - o. Let h(d) = 3 - x - 1 + 5*d**2 - 4*d**2. What is h(1)?
0
Let j(x) = 2*x - 4. Let t be j(3). Let i(g) = -1 - t*g - 4*g + 5*g - g**2. Let z(o) = -o - 9. Let p be z(-7). Calculate i(p).
-3
Let n(q) be the second derivative of q**4/12 + 5*q**3/6 + 5*q**2/2 - q. Suppose 6*z + 29 = -1. Calculate n(z).
5
Let j(m) = 2*m - 5. Let u be j(4). Let o(b) = -3*b - 6 + u + 1 + 3. What is o(2)?
-5
Let d(c) = c**3 + c**2. Let k be d(-2). Suppose -l = l. Let a(u) = 5 - 5 + u + l. Calculate a(k).
-4
Suppose q - 3*q + 3*s = 13, 2*q + 8 = 2*s. Let i(r) be the second derivative of 0 - 1/6*r**3 + 3*r - 1/2*r**2. Calculate i(q).
-2
Let y(z) = z**2 - 5*z - 3. Let r be y(5). Let i(p) = p**2 + 4*p. Determine i(r).
-3
Let f(o) = -2*o - 5. Suppose -5*t + m = -t - 16, -14 = -2*t + 2*m. Suppose -2*s - t*s = -15. Suppose -17 = x - 4*d, x - s*d = 3*x + 1. Give f(x).
5
Let f(d) = d**3 + d**2 - d - 4. Let q be f(0). Let j(m) = -2*m. Let s(u) = -6*u + 5. Let k(n) = -5*j(n) + s(n). Determine k(q).
-11
Let b(u) = u**2 - 8*u + 6. Suppose -3*c + 13 = 1. Suppose 0 = -v + 2*s + 14, c*s - 6*s + 4 = 2*v. Give b(v).
-6
Let u(h) = h**2 + 4*h + 1. Let b = -7 - -3. Calculate u(b).
1
Let k(t) = t**2 - 2. Let j be 1/((-1)/(-7)) + -1. Let w = -12 + j. Let l be (1 - 9/6)*w. Calculate k(l).
7
Let l(v) = -v**3 - v**2 + v - 1. Let c = 24 + -53. Let j = c + 42. Suppose 0 = -2*p - 4*m + j + 5, 2*p - 14 = -3*m. Determine l(p).
-2
Let f(v) = -5*v**3 + 12*v**2 - 3*v - 4. Let o(m) = -m**3 + 3*m**2 - m - 1. Let j(u) = 2*f(u) - 9*o(u). Determine j(-4).
5
Let y(l) be the third derivative of -l**4/8 